36/(-45). Let r be v(m). List the prime factors of (-4)/(-14) + (-54)/42 - r.
2, 3
Suppose 8*l - 1980 = 2*l. Let i = l - 221. List the prime factors of i.
109
Suppose 0 = -3*i + 5*i + w - 16, 0 = 5*i - 3*w - 51. Suppose i*n + 4*n - 1989 = 0. List the prime factors of n.
3, 17
What are the prime factors of (3 + (-72)/64*1*4)*-1472?
2, 3, 23
Let o be 45 + -52 + (-2914)/2. Let p = o + 2319. List the prime factors of p.
3, 5, 19
Let k(d) = -3 - 2*d + 13*d**2 - 5*d + 2*d + 2*d. Let a be k(-2). Suppose 5*m - 4*m - 5*v = a, 5*m - v = 371. List the prime factors of m.
3, 5
Suppose -h - 1049 = 3*h + u, 4*u = -2*h - 528. Let n = h + 688. List the prime factors of n.
2, 3, 71
List the prime factors of (56283/(-12) + 0/12)/((-15)/240).
2, 73, 257
Let a(d) = 52*d**2 - 6*d + 4. Let y(k) = -26*k**2 + 3*k - 2. Let w(j) = -6*a(j) - 13*y(j). Suppose -12*p = -8*p - 4. List the prime factors of w(p).
5
Suppose -8*x + 75 + 29 = 0. Let r(n) = 3*n + 3*n - 18 + 12 + x*n**2 + n**3. List the prime factors of r(-12).
2, 3, 11
Let x(i) = i**3 + 8*i**2 - 20*i + 19. Let c be x(-10). Let z = -15 + c. Suppose 0*s + 15 = 3*s, -5*m = -z*s - 345. List the prime factors of m.
73
Suppose -126*a - 785399 = -182*a + 361257. List the prime factors of a.
2, 5119
Let l(m) = 3*m**3 + 11*m**2 - m + 9. Let g be l(-4). Let r be g/4 - (-2430)/40. Suppose r - 2381 = -11*z. List the prime factors of z.
211
Suppose -5*v + 3*r - 221 + 10575 = 0, 2*v = 2*r + 4140. Suppose 0 = w + 6*w - v. Suppose 2*u + w = 4*u. List the prime factors of u.
2, 37
Suppose 31*o - 51724 - 131583 = -b, 0 = 5*o - 3*b - 29553. What are the prime factors of o?
3, 73
Suppose -7*s = -52577 - 18081. Suppose -42744 + s = -25*t. What are the prime factors of t?
2, 653
Suppose -4*n - 4*b = -232068, 49999 = 2*n + 8*b - 66047. What are the prime factors of n?
5, 41, 283
Suppose 0 = -4*h + 2*h + 2*x + 13896, -5*x = 4*h - 27828. What are the prime factors of 24/40 + (h/5 - -3)?
2, 17, 41
Let q = 8577 - 592. What are the prime factors of q?
5, 1597
Suppose 119*p - 5782728 = -887068. List the prime factors of p.
2, 5, 11, 17
Suppose n = -4*b + 48, -5*b + 2*n = 23 - 70. Let c = 31 + b. What are the prime factors of c?
2, 3, 7
Let a = 2269 + 4192. What are the prime factors of a?
7, 13, 71
Suppose -61*y = -55530 + 19601. List the prime factors of y.
19, 31
Suppose 0 = -5*q + 5*x + 8630, 5*x - 20 = -30. List the prime factors of q.
2, 431
Suppose -16*r + 28681 = 7*r. Suppose r = 6*q - 1147. List the prime factors of q.
3, 7, 19
Suppose -217 = -2*f + 23. Suppose -5*c - f = -q + 214, 4*c = q - 329. What are the prime factors of 1/(((-15)/q)/(-5))?
103
Suppose 15*h - 7*h - 7*h - 8153 = 0. What are the prime factors of h?
31, 263
Let o(w) = -w**3 + 4*w**2 - w + 4. Let s be o(4). Suppose s*b - 2*b = -4*m - 2, 2*b + 2 = 0. List the prime factors of (1*-84 - 3)*m.
3, 29
Suppose -8*c + 2316 = 4*c. What are the prime factors of (-3 - c/(-1))*(-48)/(-10)?
2, 3, 19
Suppose -6*m + 4*t = -m - 1112, -4*t = -8. Let v = 423 - m. Let w = -132 + v. What are the prime factors of w?
67
Let z = -255 + 245. Let v(o) = -192*o + 66. List the prime factors of v(z).
2, 3, 331
Let p = -570 + 384. Let z = p - -198. List the prime factors of z.
2, 3
Let s = -124 + 126. Suppose s*r + 9*r = 3047. List the prime factors of r.
277
Let d(l) = 87*l**2 - 342*l + 4. List the prime factors of d(-5).
3889
Suppose -3*i + 2*o = -3569, -2*o - 612 - 575 = -i. Let f = 2661 - i. List the prime factors of f.
2, 3, 5, 7
What are the prime factors of (-558974)/(-39) + -1 - (-2)/6?
2, 3583
Let j = -85 + 106. Let l be (-307)/(-5) - 6/15. Let f = l - j. What are the prime factors of f?
2, 5
Suppose 3*x = -5*v + 2, -4*x + 5*v - 20 - 24 = 0. List the prime factors of 123800/168 + x/(-63).
11, 67
Let a = -3459 + 8222. What are the prime factors of a?
11, 433
Suppose -24*n + 11*n = -1144. Suppose 81*y = n*y - 9464. What are the prime factors of y?
2, 13
Let y(j) = -194*j - 5216. List the prime factors of y(-58).
2, 3, 503
Let r(u) = -12*u + 20. Let z = -49 + 49. Let l(j) = -2*j**2 + j - 6. Let k be l(z). List the prime factors of r(k).
2, 23
Suppose 34*n - 9 = 31*n. Let k(j) = 4*j + n*j**2 - 8 + 2 + 7 - 14*j**3. List the prime factors of k(-2).
3, 13
Suppose -45 = 5*v - 60, -5*v - 819 = -2*w. What are the prime factors of w?
3, 139
Let h(g) = 74*g**3 + g**2 - 6. Let p be h(4). Suppose -p = 10*v - 24*v. What are the prime factors of v?
3, 113
Let g be 12/(-15)*-1*30/12. Suppose -80 - 204 = 3*v + 4*y, -g*y = 4. Let o = 130 + v. List the prime factors of o.
2, 19
Let s(l) = 1 + 9*l**3 - 10*l**3 + 19*l**2 - 18*l**2 - 10*l. List the prime factors of s(-7).
463
Let z(n) = 2*n. Let w be z(1). Suppose 1 = w*y - 2*f + f, 0 = -4*f + 12. List the prime factors of (2/5)/y + 184/5.
37
Let g be (-30)/(-21)*(-8 + -6). List the prime factors of 3898/6 - g/15.
3, 7, 31
Let a(i) = -i + 9. Let v be a(9). Suppose v = -2*p + 419 - 11. Suppose -5*y + 475 = -2*r, -271 = -5*y - 3*r + p. List the prime factors of y.
5, 19
Suppose 4*s = -3*f - 2311, -f - 3*s + 4*s - 761 = 0. Let r = -428 - f. What are the prime factors of r?
337
Suppose 7*v + 25*v = -832. What are the prime factors of (v + 5 - 8)*-15?
3, 5, 29
Let p be -3*1/12*-100. Let k = p - 26. List the prime factors of (-1 + 0 - 12)/k.
13
Suppose 11*s + 17 = 14*s + g, -4*s - g + 22 = 0. Suppose 690 = l + s*z, -2*l - 48*z = -46*z - 1380. List the prime factors of l.
2, 3, 5, 23
Suppose p - 6*p - 45 = -i, 4*i = 4*p + 180. Suppose 0 = -11*t + 2*t + i. Suppose -4*b - t*u = -269 + 79, 5*b = -4*u + 233. List the prime factors of b.
3, 5
Suppose -11*h = -152323 + 8861. What are the prime factors of h?
2, 6521
Let s = 9991 + 3682. What are the prime factors of s?
11, 113
Let p(w) = 408*w**2 - 6. Let b be p(2). Suppose 1 - 5 = -2*v, 2*s - 4*v = b. What are the prime factors of s?
19, 43
Suppose -11*r - 142 = -10. List the prime factors of r + 6 + 515 - -4.
3, 19
Let n = 39 - 39. Suppose n = -d - 2*q - 16, 4*d + 0*d + 3*q + 89 = 0. Let m = d - -48. What are the prime factors of m?
2, 11
Let a(z) = z**3 - 8*z**2 + z - 1. Let g be a(8). Suppose -4*c + g*c + 843 = 0. List the prime factors of (-3)/2 - 5/10*c.
139
Let j(t) = -13*t**3 - 4*t**2 + 5*t. Let y be j(-5). Suppose -5*q - 3*u - 365 = -6*q, 2*u + y = 4*q. List the prime factors of q.
13, 29
Let d(u) be the first derivative of -43*u**2/2 - 61*u - 30. Let a be d(-19). Suppose a = 15*y - 9*y. What are the prime factors of y?
2, 3, 7
Let p = -34 - -16. Let h = p - -22. Suppose -h*f = f - 125. List the prime factors of f.
5
Suppose 0 = 5*p + 5*p - 90. Suppose 0 = -p*i + 17*i - 5632. What are the prime factors of i?
2, 11
Let d(k) = 137*k**2 + 50*k + 127. What are the prime factors of d(-10)?
13327
Let u(d) be the second derivative of 9*d**5/20 + d**4/3 - 5*d**3/3 + 15*d**2/2 - 22*d. What are the prime factors of u(2)?
83
Let v(t) = -2*t - 9. Let c be v(-5). Let y = c - 1. Suppose 2*b - 5*r = 55 + 163, 4*r + 16 = y. What are the prime factors of b?
3, 11
Let h(i) = i**3 + 8*i**2 - 4*i + 1. Let z be h(-8). Suppose -g + 5*s = 11, 4*s - 3*s = -2*g + z. Let p = 66 + g. What are the prime factors of p?
2, 5
Let r(n) = 6*n**3 - 6*n**2 + 5*n - 1. Suppose 0 = -2*y + 3*p - p + 12, 0 = -y + 2*p + 9. Let v be r(y). Let a = v - 35. List the prime factors of a.
3, 29
Suppose 10*p - 16*p - 5*b + 89517 = 0, -5*p + 3*b = -74619. List the prime factors of p.
2, 3, 829
Let j = 24 + -10. Let v(n) = 6*n**2 + 20*n - 22. Let i be v(1). Let g = j + i. What are the prime factors of g?
2, 3
Let q = 16132 - 8671. What are the prime factors of q?
3, 829
Let k(i) = i**2 + 17*i + 27. Let j(y) = y - 1. Let g(f) = 3*j(f) + k(f). Let d be g(-19). Suppose 8*v + d*a - 220 = 3*v, 3*a = -12. List the prime factors of v.
2, 3
Let i(h) = 598*h**2 + 24*h + 260. What are the prime factors of i(-6)?
2, 7, 773
Suppose -8*x + 12 - 28 = 0. List the prime factors of (x/(-3))/(118/150981).
853
Let t be (4/(48/(-28)))/(3/(-90)). Let l be 3/(7/(28/30))*t. Let p = 20 + l. List the prime factors of p.
2, 3
Suppose 7 = 3*g - 4*p, -g + 4*g + 1 = -4*p. Let k(y) = 2*y - 1. Let c be k(g). Suppose x = 49 + c. What are the prime factors of x?
2, 5
What are the prime factors of (-2)/7 - ((-892372)/91 + -4)?
2, 3, 5, 109
Suppose 0 = 2*p - 4*m - 13538, -5*p + 43341 = -5*m + 